e prime factors of v.
2, 2579
Let m(v) = 2*v**2 - 103*v - 64. What are the prime factors of m(-69)?
5, 3313
Let k = -18120 + 33502. What are the prime factors of k?
2, 7691
Let f be 1 - -2 - 0*(-1)/(-3). Let n(r) = -r**3 + 25 + f*r - 3*r - 10*r**2 + r + 10*r. List the prime factors of n(-11).
5
Let l(q) = q - 4. Let c(s) = -s. Let r(f) = 12*c(f) - 3*l(f). Suppose 0 = -4*b + x - 23, -2*b + 2*x = b + 21. What are the prime factors of r(b)?
3, 29
Let j = -1286 + 2483. Suppose -12*o + j = -1695. Suppose 7*v + o = 1130. What are the prime factors of v?
127
List the prime factors of (607225/(-75) + 1/(-3))*(-3)/2.
5, 7, 347
Let c(b) = 19*b**2 + 47*b + 548. List the prime factors of c(57).
2, 32479
Let w(o) = 5*o**2 + 5*o + 5. Let j be w(5). Let r = 647 - j. Suppose 3*q - r = -0*q. What are the prime factors of q?
2, 41
Let z be (200/(-14))/((-16)/56). Let k = 55 - z. Suppose k*g + 263 = 3*f, 2*g = 5*f - 2*g - 421. What are the prime factors of f?
3
Suppose -1682*x + 1638*x + 1836560 = 0. List the prime factors of x.
2, 5, 2087
Let t = -20835 - -31142. List the prime factors of t.
11, 937
Let d(r) = -25*r**3 + 21*r**2 + 38*r + 36. List the prime factors of d(-5).
2, 19, 23
Let h be (3 - 2)*376 + 6. Let q = 279 + h. List the prime factors of q.
661
Let c(r) = 4*r + 56. Let a be (2/(-4))/(1/2)*3. Let h be 1/(4/44) - a. What are the prime factors of c(h)?
2, 7
Let s(g) = -378*g - 38. Let c = -716 + 715. List the prime factors of s(c).
2, 5, 17
Let c(v) = 13*v**2 - 51*v + 20. Let i(n) = 5*n**2 - 17*n + 7. Let b(h) = -3*c(h) + 8*i(h). Suppose -76 = 7*d - 3*d. What are the prime factors of b(d)?
2, 17
Suppose 8*s = 3*s + 1340. Suppose -1886*n + 160 = -1854*n. List the prime factors of (s/n)/((-6)/(-15)).
2, 67
Let c(s) = 11 + 362*s**2 - 29*s + 0*s - 31 - 354*s**2. List the prime factors of c(-7).
5, 23
Let p(b) = -69 + 111*b + 26 - 86 + 34*b + 19. List the prime factors of p(9).
5, 239
Let m(b) = -b**3 + 19*b**2 + 3*b - 3. Let q be m(18). Suppose 0 = -296*r + 291*r + q. List the prime factors of r.
3, 5
Let f(p) = -431*p + 13. Let z be f(-2). Let b = -545 + z. List the prime factors of b.
2, 3, 5, 11
Let k(r) = r**2 - 13*r + 59. Let p be 28 + 4*(-3)/6. List the prime factors of k(p).
397
List the prime factors of (-392)/1960 + ((-61193)/(-5) - 6/15).
2, 29, 211
List the prime factors of (-4)/2*(-30)/12 - -13775.
2, 5, 13, 53
Let i(w) = -w**3 + 4*w**2 + 2*w - 1. Let j be i(5). Let v = j + 21. Suppose -v*c + 2*c = -216. What are the prime factors of c?
2, 3
Suppose -115*f = -118*f - 5*p + 7516, 0 = -2*f + 4*p + 4974. What are the prime factors of f?
11, 227
Let t = -4701 - -8320. What are the prime factors of t?
7, 11, 47
Let r = -32136 + 55110. What are the prime factors of r?
2, 3, 7, 547
Let q(a) = a**3 - 2*a**2 - 3*a + 15. Let t be q(3). Suppose 0 = -t*w + 11*w + 4. Let k(u) = 134*u + 2. List the prime factors of k(w).
2, 17
Let w = -3 - 0. Let a(s) = -4*s - 58. Let o be a(-17). What are the prime factors of o/w*96/(-5)?
2
Suppose 3*u + 3*q - 15867 = 0, 2*q = u + 2*u - 15862. What are the prime factors of u?
2, 661
Suppose 0 = m - 1, 3*q - 7*q + 2384 = -4*m. Let l = -49 + q. What are the prime factors of l?
2, 137
Suppose 20 = 3*m + 5. Let d(f) = 26*f + 1. Let n be d(3). Suppose 4*v - 2*v = m*a + n, -4*a = -20. List the prime factors of v.
2, 13
Suppose 5*q + 3*w - 51 = 0, 3*q - 56*w - 25 = -55*w. What are the prime factors of ((-10)/(-15))/((-6)/q)*-139?
139
Let g be ((-8)/(-20) + 2/(-30))*111. Suppose g = i + 6*l - 2*l, -5*i = 5*l - 110. Let b = i - -210. What are the prime factors of b?
227
Suppose 30*x - 3092 = 29*x. Let j = -2153 + x. List the prime factors of j.
3, 313
Suppose -57*r - 13680 = -76*r. Suppose -724*u = -r*u - 3092. List the prime factors of u.
773
Let l(o) = 51*o - 1. Suppose 39*m - 104 = 26*m. What are the prime factors of l(m)?
11, 37
Suppose 11*k = -5*p + 14*k + 40364, -3*k = 9. What are the prime factors of p?
7, 1153
Let w = 210 - 208. Suppose -4*v = 0, -2*n + n + w*v + 26 = 0. What are the prime factors of n?
2, 13
Let h(r) = -r**2 + 11*r. Suppose -2*g = -2*b + 24, -2*b + 8 = 12*g - 10*g. List the prime factors of h(b).
2, 3
Let g = 4525 - 3026. List the prime factors of g.
1499
Suppose -9 + 13 = 2*m. Let p be (-5)/(m + -1 + 4 + -6). Suppose -p*d - 366 = -3*r, -3*d - 243 = -2*r - 0*r. List the prime factors of r.
3, 13
Let c = -639 + 643. Suppose -2*p - 4*f + 210 = 0, -6*p + 3*p - c*f + 311 = 0. What are the prime factors of p?
101
Let u be -1*535/(-75) - (-4)/(-30). List the prime factors of 45255/49 - (-3)/u.
2, 3, 7, 11
Suppose 447*f - 456*f + 230760 = 0. What are the prime factors of f?
2, 5, 641
Let s(w) = 833*w + 454. What are the prime factors of s(25)?
3, 41, 173
Let v be 0 + 3 + 29 + 5. Suppose 9*j - v = 89. Suppose -9*w = -j*w + 1030. List the prime factors of w.
2, 103
Suppose 13893 = 5*j + 4*p, 13902 = 5*j - 7*p + 8*p. Suppose 0 = -19*h + j + 6168. What are the prime factors of h?
3, 157
List the prime factors of (-2741370)/(-1566) + (-8)/(-18).
17, 103
Let s(z) = -1 - 10*z - 18*z + 15 + 5*z. Let o = -270 + 262. List the prime factors of s(o).
2, 3, 11
Let s = 208796 - 138770. What are the prime factors of s?
2, 3, 11, 1061
Let n(q) = -q**3 + 5*q**2 + 2*q - 10. Let y be n(5). Suppose 5*j = -2*i + 1952, -i - 7 + 8 = y. What are the prime factors of j?
2, 3, 5, 13
Suppose 10*n - 198714 = 55046. What are the prime factors of n?
2, 13, 61
Suppose 28*z = -69468 + 490532. List the prime factors of z.
2, 73, 103
Suppose 1088 + 5411 = n - 4*m, 4*m = 2*n - 12986. What are the prime factors of n?
13, 499
Let l(b) = 15*b + 4. Let s be l(-2). Let g = 61 + s. Let u = g - -51. List the prime factors of u.
2, 43
Suppose 2*a = 2*q - 292, 580 = 5*q - q - 5*a. Let v be 5*(-12)/q + 112/5. What are the prime factors of (2 - (-5 + v))*(-68)/5?
2, 3, 17
Suppose -23 = -2*s - 3*t, -2*s = -t + 6*t - 29. Suppose 136 = s*p + p. Suppose -3*v - p + 368 = 0. What are the prime factors of v?
3, 13
Let o be (40/(-18) - -2) + 2/9. Suppose 0 = -o*p + 3*p - 15, -5*h + 110 = -5*p. Suppose -24*c = -h*c + 63. What are the prime factors of c?
3, 7
Let q be 6275/35 - (28/(-49))/(-2). Suppose 0 = -n + 2*u + q, -2*n + 5*u = -393 + 34. List the prime factors of n.
3, 59
Suppose -5*y + 13*w + 38 = 12*w, -5*y = -2*w - 36. Suppose -1353 = -y*a + 3103. What are the prime factors of a?
557
Suppose -2*x = -4*x - 8, -x + 5192 = 2*l. List the prime factors of l*((-1)/(-2))/(14 - 13).
3, 433
Let m = 138 + -147. List the prime factors of 164 - -6*6/m.
2, 5
Suppose -29113 - 35418 + 874771 = 10*x. List the prime factors of x.
2, 3, 211
Suppose -t - 2*q + 1460 = 0, 3*q + 3753 - 798 = 2*t. What are the prime factors of t?
2, 3, 5, 7
Let z be (2/(-4))/((-2361)/786 + 3). Let o = 98 + z. What are the prime factors of o?
229
Suppose -62*f - 41*f = -880032. What are the prime factors of f?
2, 3, 89
Let w(d) be the third derivative of -d**4/2 + 13*d**3/6 + 16*d**2. Let f be w(6). Let h = 8 - f. List the prime factors of h.
67
List the prime factors of (((-63)/(-35))/((-6)/8))/(351/(-583830)).
2, 499
Suppose 0 = 5*q - 4 + 84. Let y be -4 + 24 + (-36)/(-6). Let r = y + q. List the prime factors of r.
2, 5
Let s(l) be the first derivative of l**4/4 + 5*l**3/3 - 13*l**2 - 3*l - 116. List the prime factors of s(9).
3, 13, 23
Let t(m) = 6*m**2 + m - 2. Let s be t(1). Let z be (192/s)/((-2)/(-10)). Suppose 0 = -0*g - 6*g + z. List the prime factors of g.
2
Let f(v) = 120*v**3 - 3*v**2 + 3*v - 6. Let x be f(2). Suppose -x = -4*y - 4*h, 3*y + 5*h - 3*h = 708. List the prime factors of y.
2, 3, 13
Let x(i) = i**3 - 3*i**2 + 7*i - 17. Let l be x(3). What are the prime factors of l/8*174 - -3?
2, 3, 5
Suppose v = 3*j + 4*v + 45, 10 = -j - 2*v. Let u be (-7)/(-28) - 5/(j/(-153)). Let y = 4 - u. List the prime factors of y.
2, 3, 7
Suppose -l + 2*l = 5. Suppose 0 = l*b - 5*k - 55, -3 = -b - 2*k + k. Suppose 0 = 4*j, -131 - b = -h + j. List the prime factors of h.
2, 3, 23
Let i be 3 - -3 - -2517 - 6. What are the prime factors of i/5 + (48/(-20))/6?
503
Let k(y) = -y**3 - 34*y**2 - 43*y + 108. Suppose 0 = -5*q - 204 + 39. List the prime factors of k(q).
2, 3, 73
Suppose 445*w = 364*w + 4841370. What are the prime factors of w?
2, 5, 43, 139
Suppose -3*h + 17 = -28. Suppose 141*m = 136*m 